(-7) composite?
False
Is 8/(-16)*31758/(-3) prime?
False
Let l(r) = 9*r**3 - 4. Is l(3) prime?
True
Let v(f) = 2*f - 10. Let j be v(7). Suppose -j*h = -4*i - 1268, -i - 286 = -5*h + 1307. Is h composite?
True
Let o = -20 - -23. Is 4 + o + 8 - 2 a composite number?
False
Let o be 8/3 + (-3)/(-9). Let x(l) = l**2 - 2*l + 2. Let s be x(o). Suppose 2*z - 47 = -5*a, -47 - 78 = -s*z - 5*a. Is z prime?
False
Suppose 4*y - 7 = 4165. Is y a composite number?
True
Suppose -2 = 4*n - 6. Let p = n + 13. Is p prime?
False
Let r be (7 - 1)/(-3)*-5. Suppose 3*g + 650 = 5*i, g - r = 3*g. Is i prime?
True
Let q = -3 + 6. Suppose k - q*x - 5 = 3*k, -12 = 4*x. Suppose 4*f + 2*p + 0*p - 78 = 0, -k*p = 3*f - 57. Is f composite?
True
Suppose 3*t + 3*d = 261, 2*t + 3*t + 3*d - 439 = 0. Is t a prime number?
True
Let c = -12494 - -18951. Is c a composite number?
True
Let k = -176 + 99. Let y = k - -108. Is y a composite number?
False
Let z = -3 + 4. Let h = 2 + 26. Is h/2 + (2 - z) composite?
True
Suppose -5 = -2*i + 1. Suppose 5*q = -3*p + 128, 3*q - 70 - 10 = -5*p. Suppose -q = 5*h, -i*h - 4 = j - 0. Is j composite?
False
Suppose 5*m + 13 = -4*q, -q - m = -3*q + 11. Let y(d) = 4 - 2*d**3 - 3 + 23*d**q. Is y(1) a composite number?
True
Let z(d) = 2*d**3 - 32*d**2 - 11*d + 12. Is z(17) a composite number?
True
Let x = -2 - -5. Suppose -31 = -x*d + 44. Is d composite?
True
Let u = 392 - 209. Suppose -2*p + 17 = -5*i - 72, u = 4*p - 5*i. Is p composite?
False
Let o be 5 - -59 - (0 + 0). Let x = 107 - o. Is x composite?
False
Let s(p) be the second derivative of p**4/12 + 2*p**3/3 - p**2/2 - p. Let c be s(-4). Is c - 1 - (2 - 37) a composite number?
True
Let l(z) = -z**3 - z**2 - 2. Let g be l(0). Let x be 1/((-1)/(g + 1)). Is (x/(-2))/((-1)/106) a composite number?
False
Suppose 0 = -q + 326 + 24. Suppose 4*b - 6 = q. Is b prime?
True
Suppose -158 = 4*u + 2*i, 0 = 4*i - 24 + 4. Is (-2)/(-7) + (-31698)/u a composite number?
True
Let p be 1 - (22 + -2*1). Let q = p - -50. Is q a composite number?
False
Is (1141/(-21)*-1)/(2/6) a prime number?
True
Let s(h) = 2 - 8*h**2 - 2*h - 3 + 3*h**3 - 4*h**3 + h. Is s(-8) prime?
True
Suppose 0 = -4*l - 20, 250 = m - l - 20. Is m a composite number?
True
Let y(p) = -17*p + 8. Let n be y(7). Let j = 302 + n. Is j composite?
False
Suppose w + 4*w = -2445. Let n = w + 752. Is n a prime number?
True
Let y = -11 - -15. Suppose -4*p - y*z + 0*z = -8, 3*z = -2*p + 3. Suppose -p*c = c - 140. Is c a prime number?
False
Let s be -5*(12/5 - 0). Let p(k) = -k**2 - 21*k - 2. Is p(s) a prime number?
False
Let r be (2/3)/((-2)/(-12)). Let m(d) = d**3 + d**2 - 2*d + 5. Is m(r) a composite number?
True
Let i be (-4 - -2) + 240/4. Let x = i + -21. Is x a composite number?
False
Suppose 0 = 4*d - 5*h + 2*h - 10, -7 = -5*d + h. Let j(k) = 0*k + 51*k**3 + 5*k - 6*k + d. Is j(1) prime?
False
Suppose -2*h - 4 = r, -3*r - h + 3*h = -20. Suppose r*f = -37 - 11. Is 266/3 - 4/f composite?
False
Suppose 5*h - 4*d = 1971, -2*h - 2*d - 2*d + 766 = 0. Suppose 3*z + h - 71 = n, 0 = 4*n - 3*z - 1271. Is n a composite number?
False
Suppose 0*f + 4*f - 3684 = 0. Is f a composite number?
True
Suppose -3*v - 8 = -2*v. Is ((-4)/2)/(v/100) a composite number?
True
Let y be (2/6)/((-3)/(-9)). Let z be 30/35*-7*y. Is (-2 - 0) + z + 85 a prime number?
False
Let v(x) be the second derivative of x**5/30 - 7*x**4/24 - 3*x**2/2 + 4*x. Let n(o) be the first derivative of v(o). Is n(7) composite?
True
Let v be 6 + (-3 - -4) + 0. Let q(s) be the second derivative of s**3/6 + 3*s**2 + s. Is q(v) composite?
False
Let o = -11 - -15. Suppose 0 = -0*p + o*p - 392. Let z = 153 - p. Is z composite?
True
Let b(r) = 2482*r**2 + r. Is b(1) a composite number?
True
Is (-7)/(35/25) - -1354 composite?
True
Suppose 3*y - 530 - 637 = 0. Is y a prime number?
True
Suppose -3 = c, -j + 39 = -5*c - 18. Suppose -487 + j = -5*a. Is a prime?
True
Let w(a) = a**2 - 7*a + 6. Let c be w(5). Let d = -1 - c. Suppose 2*y + d*n = 67 - 6, -3*n - 149 = -4*y. Is y a composite number?
True
Let a(i) be the first derivative of -4*i + 2*i**3 + 0*i**2 - 3 - 1/4*i**4. Is a(5) prime?
False
Let t be -1 + (2 - 1) + -757. Let y = -402 - t. Is y a composite number?
True
Let o = 23 - -11. Suppose -3*t + 59 = -o. Is t a composite number?
False
Suppose 2*x - 4*z = 246, 3*z - 5*z = -5*x + 575. Is x prime?
True
Let p(r) = r - 10. Let k be p(12). Suppose 0 - 8 = -k*o. Suppose -4*m + 41 = 3*u, m - 74 = -o*u - 2. Is u a prime number?
True
Let p be ((-62)/4)/((-1)/2). Let j = p + -10. Is j a composite number?
True
Is 7/(-1)*(-9232)/56 prime?
False
Let p = 151 + 52. Is p prime?
False
Let z = -4 + 4. Suppose z = -4*r + 2*r + 10. Suppose 0 = -r*t + 3*a + 435, 174 = 2*t - 0*a + 2*a. Is t composite?
True
Let h(a) = a**3 + 7*a**2 - 11*a - 10. Let l = -13 + 6. Is h(l) a prime number?
True
Suppose c + 2*q = -3*q - 50, 85 = -3*c - 2*q. Let z = 47 + c. Let d = 3 + z. Is d composite?
True
Let l be (-2)/1 - (0 + -11). Suppose -l = -4*v + 3. Is (-3)/2*(-98)/v a prime number?
False
Suppose 12*d = 14*d + 376. Let m = 23 - d. Is m composite?
False
Let t(x) = -x**2 - 6*x - 6. Let j be t(-4). Is 51 - (4 - j)/(-1) prime?
True
Is (-10190)/(-30) + (-4)/6 prime?
False
Let t = 30 + -135. Let r = t + 164. Is r composite?
False
Suppose 30*l = 24*l + 8886. Is l prime?
True
Suppose w - 4 + 1 = 0. Let h be (-20 - w)*3/1. Let f = 10 - h. Is f prime?
True
Let b(j) = -29*j - 1. Let o be b(-1). Suppose 4*g - o = -4*p, 32 = 5*g + 2*p + 2*p. Is 4*2/g*17 a composite number?
True
Is (0 - 1) + (-1 - -113) a composite number?
True
Let n(b) = 3*b - 2. Let z(w) = -6*w + 4. Let f(l) = 5*n(l) + 2*z(l). Suppose 2*h + 9 = 7*h + 2*a, -4*h + 5*a = -27. Is f(h) prime?
True
Let z = 982 + -497. Is z/7 + 4/(-14) prime?
False
Let q be ((-9)/6)/(2/(-76)). Suppose -3*t = -2*t - q. Is 3/6*0 + t composite?
True
Suppose -l - w = 5, -2*l = 5*w - 0*w + 25. Suppose 4*o = l, 34 = 2*s + 3*o + 6. Is s a prime number?
False
Let l(c) = 2*c**2 - 8*c - 7. Let m be l(5). Suppose 4*d + 2*y = 2*d + 112, m*d - 5*y = 128. Is d prime?
False
Suppose -3*m + 0*m = 3*u - 126, -u + m = -34. Is u prime?
False
Is 180 - 7/((-28)/(-12)) a prime number?
False
Suppose 3*a - 13 = -4*k, -2*k - 1 = 5*a - 18. Suppose -3*p - p - a*t = -1621, 0 = p + 4*t - 389. Is p a prime number?
True
Let m be (-34)/6 + 6/9. Let t be ((-32)/20)/(2/m). Is t/6 + 74/6 a prime number?
True
Let m = 610 - -157. Is m a prime number?
False
Let s(l) = 290*l - 7. Is s(2) a composite number?
True
Suppose -2*m + 16 = 2*m. Suppose -3*g + 172 + 94 = m*t, 0 = 5*t - 5*g - 315. Is t a composite number?
True
Let s be 2 + -2 + 2 + -2. Suppose 5*y + 5*p = 300, s*p + 4*p = 3*y - 187. Is 0 + -2 + 0 + y a prime number?
True
Suppose q - 2*z - 46 - 27 = 0, 2*z = -3*q + 235. Let o = 139 - q. Is o a composite number?
True
Suppose -124 = -5*v + 491. Is v a composite number?
True
Let g be 3 + -1 - 32/(-2). Let h be (86/(-6))/(6/g). Let t = -24 - h. Is t composite?
False
Let a be 33/12 - 2/(-8). Let j be -280 - (-3 - -4) - a. Let h = -135 - j. Is h prime?
True
Let a be 6 - (1 + 1 + -1). Let u(v) = -4 - 1 + 5*v + 3*v. Is u(a) prime?
False
Let p = 318 - -151. Is p prime?
False
Suppose -842 = -3*m - a + 617, 8 = -4*a. Is m a composite number?
False
Suppose -5*f + 5*s + 1089 = 3*s, 3*s = f - 223. Is f composite?
True
Let t(f) = -3*f**3 - 4*f**2 + 5*f + 743. Let d(h) = -2*h**3 - 3*h**2 + 4*h + 743. Let r(p) = 4*d(p) - 3*t(p). Is r(0) composite?
False
Suppose h - v = -3*v + 86, 0 = -h + 4*v + 74. Suppose 4*u + 175 = 2*c - 151, -2*u + 338 = 2*c. Let k = c - h. Is k prime?
False
Let u(o) = -7*o - 5. Let x be u(-2). Suppose -4*d = -w + 57, 5*d = -16 - x. Is w a composite number?
False
Suppose -2*d + 83 = q - 285, 4*q - 1508 = 4*d. Suppose -r - 72 = -h, 5*h + 2*r - q = -0*h. Is h prime?
False
Suppose 5*i = -5*h - 0*h + 20, -5*i = -5*h + 20. Suppose b - 975 = -h*b. Let f = 284 - b. Is f composite?
False
Let t = 6 - 6. Suppose -4*v + 94 + 110 = t. Is v a prime number?
False
Let s = -6 + 41. Let x(j) = j**3 + 3*j**2 + j - 1. Let q be x(-4). Let o = q + s. Is o a prime number?
False
Let p(c) = c**3 + 2*c**2 - 1. Let g(h) = 2*h**3 + 3*h**2 - h - 2. Let u(n) = -2*g(n) + 5*p(n). Let z be u(-2). Suppose -28 = -7*i + z*i. Is i prime?
True
Suppose 8 = 3*f + f. Suppose 32 = -5*g +